e of s**6/120 + s**5/10 + s**4/24 + s**3/3 + 2*s**2 - 5*s. Let y(j) be the first derivative of u(j). Give y(-6).
-4
Suppose -2*n + 0*n = -56. Let r be (-8)/n + (-32)/(-14). Let u(s) = 2*s - 2 + r*s - 3 + s**2. Give u(-4).
-5
Suppose 2*k + 46 = 32. Let v(g) = g**3 + 6*g**2 - 4*g + 1. Determine v(k).
-20
Let o(d) be the second derivative of 0 + 5/6*d**3 + 1/60*d**5 - 1/2*d**2 - 3*d + 1/4*d**4. Let x(k) be the first derivative of o(k). Give x(-5).
0
Let p(k) = 2*k. Let x = -24 + 22. Calculate p(x).
-4
Let l(n) be the third derivative of -n**5/60 - 7*n**4/24 - n**3/6 - n**2. Determine l(-6).
5
Let o = 14 + -12. Let k(t) be the second derivative of -5/12*t**4 - 1/2*t**o + 1/20*t**5 + 0 + 1/3*t**3 + t. Give k(4).
-9
Let w(m) be the third derivative of -1/3*m**3 - m**2 + 0 + 1/24*m**4 + 0*m. Determine w(-4).
-6
Let u = 0 + 4. Let k = 45 + -29. Suppose 4*g - k = -5*x, -u = x + x - g. Let r(b) = b**2 + b - 1. What is r(x)?
-1
Let l(q) = 2*q**3 - 4*q**2 - 9*q - 2. Let v(m) = 3*m**3 - 9*m**2 - 17*m - 4. Let t(z) = -5*l(z) + 3*v(z). Let k = 5 - 11. Give t(k).
-2
Suppose -j + 20 = 4*v, 4*j = 5*v - 5 - 20. Let m(b) = -b**3 - b**2 - 11. Give m(j).
-11
Let y(o) = -o**3 - 6*o**2 - 5*o - 6. Let a be (-1)/2 - (-5)/2. Let s be 0*(-3 + a/1). Let q be (2 - s)/(4/(-10)). What is y(q)?
-6
Let d be 3/(-9) + (-4)/(-12). Let s(r) be the third derivative of -r**6/120 + r**5/60 + r**4/24 + 5*r**3/6 - r**2. Determine s(d).
5
Let f(c) = -5*c**2 + c + 0*c + 6*c**2 + 1. Give f(-2).
3
Let h(f) be the second derivative of 2*f**3/3 - f**2/2 + 6*f. Suppose -7*w + 3*w = -8. Suppose -6 - 2 = -2*j + 3*r, w*r + 8 = 4*j. Give h(j).
3
Let l(q) = -q - 2. Let i = 5 - 8. Let j = i + 3. Let y be j + 10/(0 + -2). Determine l(y).
3
Let d(s) be the first derivative of -s**3/3 - 5*s**2/2 + s - 2. Let g = -6 - 0. Determine d(g).
-5
Let s(z) = -z**2 + 6*z + 4. Let h = 10 + -3. Give s(h).
-3
Suppose n + 3*k = -4, -3*n + k - 4 = -6*n. Let f(s) = 6*s + 0*s - n*s - 3*s. Give f(-3).
-3
Let x(d) = 0*d**2 - 5*d**2 + 0*d + d + 3*d**2. Let a = -6 + 4. Give x(a).
-10
Let i(m) = -m**3 - 5*m**2 - 4*m + 2. Let b be i(-4). Suppose -2*h = -3*h + b. Let t(w) = w + 2 + w**h - 2*w**2 - 2*w. What is t(2)?
-4
Let y = -3 + 5. Suppose y*t + 1 = -w, -5*w + 3 = 5*t - 7. Let j(m) = -m + 5. Give j(w).
0
Let b be ((-3)/4)/((-1)/16). Suppose 0 = -5*n + 5*i + 15, 0*n + i = -2*n + b. Let o(t) = t. What is o(n)?
5
Let x(r) = -2*r**2 - 1 - 42*r + 44*r + 0*r**2. What is x(-2)?
-13
Let g(z) = 7*z**2 - 2*z - 1. Suppose x = 5*c + 2*x - 31, x + 39 = 5*c. Suppose -3*i + c = 10. What is g(i)?
8
Let g(w) = -2*w**3 - 2*w**2 - 2*w - 1. Let x be g(-1). Let v(l) be the first derivative of -1/2*l**4 + 0*l**2 + 1 + l - 1/3*l**3. Calculate v(x).
-2
Suppose 6 + 6 = 4*m. Suppose 23 - 8 = -m*i. Let n = 0 - i. Let p(h) = h**2 - 5*h - 1. Calculate p(n).
-1
Let u(s) be the third derivative of -5*s**4/24 - 4*s**2. Calculate u(2).
-10
Let m(g) = 4*g - 4*g**2 + 4*g**3 - 4*g + 1 + 2*g + 0*g. Calculate m(2).
21
Suppose 3*n - 5*q = 2*n + 29, 0 = -4*n - 2*q + 6. Let b = 2 - n. Let c be b/(-9) + 60/(-27). Let m(p) = 3*p - 2. Determine m(c).
-8
Let d(n) be the second derivative of -n**4/12 + 2*n**3/3 - 3*n**2 + 45*n. Suppose -3*a = -9, -g + 4*g - 3*a - 3 = 0. What is d(g)?
-6
Let u(p) = p + 3. Let j = 15 - 17. Let b(m) = -2*m - 6. Let g(t) = j*b(t) - 5*u(t). Determine g(-7).
4
Suppose -52*n = -48*n + 16. Let u(q) = -q - 3. Determine u(n).
1
Let c(h) be the third derivative of -h**8/10080 - h**7/2520 + h**6/360 - h**5/12 - 5*h**2. Let t(n) be the third derivative of c(n). What is t(-2)?
-2
Let b(x) = 3*x - x**3 + 2 + 0*x**2 - 2*x**2 + 3*x**2. Let v(j) = -j + 25. Let z be v(27). Determine b(z).
8
Let o(m) = 3*m - 10. Let c(h) = h - 5. Let p(n) = 5*c(n) - 2*o(n). What is p(5)?
-10
Let q(j) = 5*j - 6. Let b(t) = 5*t - 7. Let d(y) = 5*b(y) - 6*q(y). Give d(-1).
6
Let s(k) = k**2 - k - 1. Suppose -3*o = -0 - 12. Give s(o).
11
Let v(z) be the first derivative of -z**4/4 - 4*z**3/3 + z**2 + 4*z + 5. What is v(-4)?
-4
Let u(o) = 1 - 46*o + 44*o - 2. Let x be (3 + -4)*-1*3. Determine u(x).
-7
Let o(c) be the first derivative of -c**3/3 + c + 2. Let z = 8 - 8. Suppose z = -0*j + 5*j. Give o(j).
1
Let o(a) = -a - 6. Let t be 1/4 - 290/40. Calculate o(t).
1
Let u = 58 + -53. Let x(t) = t**3 - 5*t**2 - 2*t - 3. What is x(u)?
-13
Let x(q) = q**3 - 7*q**2 + 6*q + 6. Let p be (27/3)/(3/2). Let k be x(p). Let t = 8 - k. Let j(y) = -2*y**3 + 3*y**2. What is j(t)?
-4
Let f(b) = 2*b + 2. Let m be -1*(-8)/(1 - 3). Calculate f(m).
-6
Suppose 2*r - 4*r = -i, -5*r + 15 = 0. Let c(v) = 3 - i + v**2 + 4 + 7*v**2 + v. Give c(-1).
8
Let p(x) = x + 1 + 2*x - x**2 - 1 + 5. Calculate p(4).
1
Let x(p) = -p**3 - 5*p**2 + 6*p - 3. Suppose 0 = -3*u - 39 + 93. Suppose -4*t - u = -t. Determine x(t).
-3
Let r(j) = -j - 24 + 13 + 11 + 7. Give r(7).
0
Let l(p) be the first derivative of -p**4/4 + 7*p**3/3 - 3*p**2/2 + 8. Give l(6).
18
Let m(k) = -k**2 + k + 1. Let d(w) = 6*w**3 - 3. Let q(o) = -d(o) - 2*m(o). Let h be 0*(1/(-2) + 1). Suppose 3*c + 2*c - 5 = h. Calculate q(c).
-5
Let z(i) = i - 3. Let c be z(5). Let o(a) = -3*a**3 + 5*a**3 - 2*a**c + 4 + 4*a - 3*a**3. Suppose -9*s - 21 = 6. What is o(s)?
1
Let z(l) = 3*l**3 - 10*l**2 - 2*l - 2. Let t(j) = -j**3 + 5*j**2 + j + 1. Let i(m) = -5*t(m) - 2*z(m). Give i(-5).
4
Let r(v) = -v + 1. Let m(f) = -f - 1. Let z be m(-6). Suppose 2*j - 4*d = -6, -3*j = -z*d + 3 + 6. Let y = -6 - j. Calculate r(y).
4
Let r(p) = p**3 + 10*p**2 + 20*p - 6. Let t be r(-7). Let f(v) = 7*v**2 - 2*v + 1. Give f(t).
6
Suppose -2*l + 2 = -4*a, -4 = -6*l + 2*l. Let g(k) be the third derivative of 2*k**2 + 0*k + a + 1/24*k**4 + 1/3*k**3. Determine g(-3).
-1
Let m(a) = 3 + 3*a**2 + 4*a + 0*a**2 - a**2 - 3*a**2. Calculate m(6).
-9
Let s(m) = -2*m + 12*m - 7*m - 4*m - 7. Calculate s(-4).
-3
Let t(s) = s - 13. Suppose 42*g - 40*g = 0. Determine t(g).
-13
Suppose -s + 3*s = 0. Suppose s = -5*b - 3*g + 35, -6*b + 30 = -b + 4*g. Let l be b/(-8) + (-1)/(-4). Let p(z) = -9*z**2 + 1. Calculate p(l).
-8
Let l(a) = a**2 + 42*a - 1 - 42*a. Let t(x) = 15*x**2 - 5. Let o(s) = 4*l(s) - t(s). Calculate o(1).
-10
Let f(w) be the first derivative of -w**3/3 + 2*w**2 - 3*w - 1. Let h be f(3). Let m(j) = -2 - j**2 + 1 + 1 + 2. Give m(h).
2
Let d = 4 + -1. Suppose 0 = 3*i, -5*l + 4*i - 2 = -d*l. Let b(w) = -11*w**2 + 2*w + 1. What is b(l)?
-12
Let m(f) = -f**2 - 11*f - 10. Let c(x) = -x - 1. Let b(g) = -3*c(g) + m(g). Let i = -4 - 3. What is b(i)?
0
Let w(d) = 7*d**3 - 10*d**2 + 15*d - 11. Let f(n) = 4*n**3 - 5*n**2 + 8*n - 6. Let c(s) = -5*f(s) + 3*w(s). Let y = 0 - -3. Determine c(y).
-6
Let o(q) = -q + 6. Let b(y) = -4*y + 24. Let v(n) = 2*b(n) - 9*o(n). Give v(0).
-6
Let g(a) = -a**2 - a + 6. Let p(f) = 3*f**2 + 3*f - 19. Let d(q) = -7*g(q) - 2*p(q). Let m = -5 + 2. What is d(m)?
2
Let f(x) = -2*x + 25. Let b(l) = -l + 12. Let t(i) = -13*b(i) + 6*f(i). Determine t(5).
-1
Let i(r) be the second derivative of r**5/20 + r**4/2 + r**3/2 - 3*r**2 - 15*r. Give i(-5).
4
Suppose 5*r - 2*r - 45 = 3*g, 0 = -r + 5*g + 3. Let t = -17 + r. Let o(z) = 3*z**2 + 2*z - 1. Calculate o(t).
4
Let r(c) = c**3 - 4*c**2 - 2*c + 1. Let w be 0/((-6)/4*2). Suppose w*v - 4 = -v. Determine r(v).
-7
Let q(u) = u**3 - 4*u**2 - 4*u + 11. Let k be q(4). Let z(s) = -5*s + 3. What is z(k)?
28
Suppose -5*p - 130 = -5*m, m = 3*p - p + 24. Suppose 5*z + 3 - m = 0. Let c(o) = 6*o**2 - 4*o**3 - z*o + o + 3*o**3 + 1. Determine c(5).
6
Let r(p) = -p - 2. Suppose 0 = 2*l - l - 5. Suppose 3*b - l*s - 19 = 0, -3*b - 14 = -b + 2*s. What is r(b)?
0
Let n(q) be the first derivative of 4*q**2 - 3. Determine n(-1).
-8
Let d(a) = -3*a**3 + a**2 + 3. Let y(i) = 2*i**3 - i**2 - 2. Let p(h) = -3*d(h) - 4*y(h). What is p(1)?
1
Let p(z) = -3*z - 3 + 3*z**2 + 55*z**3 + 4 + 4*z - 53*z**3. Give p(-2).
-5
Let q(x) = -2*x - 3. Suppose 10 = -2*v + 2*z, -6*z = -4*v - 4*z - 10. Let p be q(v). Let g(h) = -h**3 - 3*h**2 + h - 3. Give g(p).
-6
Let i(s) = s**3 - s**2 + 3. Let h(y) = y**2. Let x(u) = -3*h(u) - i(u). Let t = -8 + 5. Determine x(t).
6
Let j = 9 - 6. Let r(u) = u**2 - 3*u - 5. Let a be r(j). Let o(d) = d - 2. Calculate o(a).
-7
Let m(x) = -32*x**2 - 35*x**3 - 1 + 4*x + 17*x**3 + 29*x**2 - x + 17*x**3. Let s = 3 + -7. Calculate m(s).
3
Let